 8*s**2 - 30*s + 31. Give t(18).
6
Let k(z) = -37*z + z**2 + 41*z - 3 - 3*z**2. Let j be 6/(6*(-1)/(-4)). What is k(j)?
-19
Let j(m) = 8*m + 3. Let d(l) = -l - 1. Suppose 0 = -z + 2*i + 11, -i + 3 - 4 = 4*z. Let r(h) = z*j(h) + 4*d(h). Let t = -5 + 6. Calculate r(t).
3
Let c(h) = -h**2 + 3*h + 3. Let d be c(4). Let r(p) be the third derivative of -p**5/30 + p**3/6 + 984*p**2. Determine r(d).
-1
Let p(n) = -5*n + 2. Suppose 4 = 8*u - 20. Determine p(u).
-13
Let u be -1 + (-48)/6 + 5. Let q(l) be the third derivative of l**6/120 + l**5/30 - l**4/8 - 2*l**2. Give q(u).
-20
Let x(p) be the third derivative of -40*p**2 + 1/2*p**3 - 1/60*p**5 + 1/8*p**4 + 0 + 0*p. Give x(4).
-1
Let c(j) = -j**2 + 4*j + 2. Let i(k) = -2*k**2 - 2*k - 3. Let q be i(-2). Let t(u) = u**2 + 6*u - 1. Let y be t(q). Suppose -y + 2 = -z. Calculate c(z).
2
Let u = 1397 - 1395. Let q(b) be the third derivative of -1/24*b**4 + 0 + 1/120*b**6 - 1/30*b**5 + b**2 + 0*b**3 + 0*b. Determine q(u).
-2
Let s(n) = n**3 + 5*n**2 - 7. Let i be s(-5). Let l(f) be the third derivative of -f**5/60 - 7*f**4/24 - f**2 + 432*f. Determine l(i).
0
Let a be (126/(-27))/((-2)/6). Let w be (24/a)/(15/105). Let x(t) = 2 + t**2 - 19*t + 0*t**2 + 0*t**2 + w*t. What is x(5)?
-8
Let x(l) be the first derivative of l**2 - 10*l + 543. Calculate x(5).
0
Let j(o) = o**3 - 14*o**2 - 12*o**2 + 34*o**2. Calculate j(-8).
0
Let m(y) be the first derivative of -1/3*y**3 - 2*y**2 - 18 + 9*y. Calculate m(-7).
-12
Let x(o) be the third derivative of o**6/60 - o**5/15 + o**4/6 - o**3/2 + o**2. Let a = 27 - 25. Suppose -4*q = -5*u - 3, 0 = a*q - u + 1 - 4. Calculate x(q).
5
Let c = -18 - -8. Let b(u) = 2*u**2 - 2. Let t(o) = -3*o**2 + 9*o - 7. Let g(x) = 2*b(x) + t(x). Determine g(c).
-1
Suppose -8*r + 2*r = -108. Let v(y) = y**3 - 27 - 8*y**2 + 8 + r + 5*y. Give v(7).
-15
Let t(w) = w + 21. Let p be 32/4 - (3 - -20). Determine t(p).
6
Let i be (-4 + 72/20)*(-5)/2. Let f(j) = -i + 1 - 3 - 17*j + 13*j. What is f(-4)?
13
Let r be 234/14 + 0 + 6/21. Let j(f) = f**2 - 16*f - 12. Let q be j(r). Let b(z) = -2*z + 6. Give b(q).
-4
Let l(r) = r**2 - 2. Suppose 0 = 29*v - 30*v. Suppose -7*b - 2 - 19 = v. Give l(b).
7
Let p be (-45)/(-24)*(-20)/(-15)*4. Let r(b) = b + 5. Give r(p).
15
Suppose 31 - 7 = 3*j. Let a be (j - 2)*(-2)/(-12). Let z(f) = 8*f**3 - 2*f + 1. Determine z(a).
7
Let c(v) = 5 - 3 + 6848*v + 4*v**2 - 6854*v. Give c(4).
42
Let b be 93/15 - ((-12)/15 - -1). Let k(n) = 3*n - 19. Calculate k(b).
-1
Let w(o) = -o**2 + 14*o. Let c(b) = -18*b - 239. Let n be c(-14). Calculate w(n).
13
Let v(d) = d - 1. Suppose -5*s + 45 = 2*m, -4*m + s + 86 = -59. Let y = m + -13. Suppose -3*k - 8 = -4*f, 0 = k - 6*k - 2*f - y. Calculate v(k).
-5
Let t(a) = -3*a - 4. Let l(q) = q + 1. Let h(f) = -8*l(f) - 3*t(f). Determine h(11).
15
Let l(x) = -5*x**2 + 101*x**3 - 25*x**3 + 6*x - 43*x**3 - 34*x**3 - 4. Determine l(-6).
-4
Let c(u) be the first derivative of u - 1/2*u**2 - 10. Determine c(6).
-5
Let a = 179 - 179. Let z(j) = j + 10. What is z(a)?
10
Let v = 241 + -250. Let z(a) = -2*a - 20. Give z(v).
-2
Let k(s) = 4*s. Let c(o) = o - 10. Let b be (-2)/4 + 153/18. Let l be c(b). Let i be l/2 + (1 - -2). What is k(i)?
8
Suppose -4*f = w + 111, f - 93 = 5*f - 5*w. Let y = 42 + f. Let i be (10/y)/((-4)/6). Let n(c) = 7*c**2 - 1. Calculate n(i).
6
Let b(a) = -2*a**3 + 4*a**2 - 5*a + 5. Let t(k) = 3*k**3 - 4*k**2 + 7*k - 5. Let i(g) = 4*b(g) + 3*t(g). Give i(-4).
1
Let b(k) be the second derivative of -3/2*k**2 - 38*k + 0 - 1/6*k**3. Give b(4).
-7
Let r be ((-4)/2)/(-11*(-2)/(-132)). Let m(y) = -4*y + 42. Calculate m(r).
-6
Let b(g) = g**2 - 3*g - 7. Let d be b(5). Let l(q) = 0*q + 0*q**2 - 2*q + q**2 - d*q. Calculate l(4).
-4
Suppose -p - 2*p - 3 = 0, 0 = -t + 5*p + 14. Suppose g - 2 = 0, 3*g + 7 - 16 = -h. Let f(j) = h*j + t - 4*j - 10 + 12. Determine f(5).
6
Let n(c) = c - 24 + 0*c + 13. Let g be 15/(-60) - (-2)/8. Determine n(g).
-11
Let x(o) = -3*o**2 + 12*o + 18. Let q(p) = p**2 - 6*p + 1. Let m(i) = 2*q(i) + x(i). Determine m(0).
20
Let p(s) be the second derivative of 0 - 1/20*s**5 + 0*s**4 + 0*s**2 + 14*s + 1/6*s**3. Suppose 5*w + 11 = 1. Calculate p(w).
6
Let q(o) = -3*o**3 - o**2 - 6. Let f(a) = a**3 + 1. Let b be -3 - (3 + -10 - -3). Let d(s) = b*q(s) + 4*f(s). Give d(3).
16
Let g(d) be the first derivative of 4*d**3/3 - 3*d**2/2 - 3*d + 848. What is g(-3)?
42
Let f(l) = 441 - 2*l + 432 - 878. Calculate f(-2).
-1
Let y be 2/(-4)*(9 + 1). Let m(i) be the third derivative of 0 + 5*i**2 + 1/15*i**5 + 0*i + 1/3*i**3 - 5/24*i**4 + 1/120*i**6. Calculate m(y).
2
Suppose -103*w + 112*w - 27 = 0. Let f(j) = -j - 6. Determine f(w).
-9
Let k(x) = -6735*x**2 + 3367*x**2 + 33*x - 10*x + 3370*x**2 - 15. Determine k(-13).
24
Let m = -16 - -21. Let w(i) = -4*i**2 - m + i**2 + 6*i**2 - 2*i**2. Let f be ((0/2)/(-2))/((-4)/4). What is w(f)?
-5
Let i be 2/8 - 6/(-8). Let m(z) = z + 1. Let n(j) = -9*j - 9. Let u(o) = i*n(o) + 12*m(o). Suppose -2*l = q - 3*q + 4, l - 28 = -5*q. Determine u(l).
12
Let r(p) = p**2 - p + 2. Let x(c) = -c - 13. Let t be x(-8). Let y(w) = w + 2. Let s be y(t). What is r(s)?
14
Let m be (-121)/66 + 1/(-6). Let q(x) = -2*x + 2. Let s(o) = 2*o - 2. Let d(u) = 2*q(u) + 3*s(u). Calculate d(m).
-6
Let s(n) = 3*n - 25. Let f be s(9). Let x(t) = -5*t**f - 6*t - 12*t**3 + 1 - 3 + 11*t**3. Let h be 90/(-21) + (-6)/(-21). Determine x(h).
6
Let g(p) = -p**2 + 5*p + 3. Suppose -h = h - 10. Suppose -h*u - i - 49 = 0, 0*u + 2*u + i = -22. Let k = u - -15. Calculate g(k).
-3
Let f(i) = i**2 + 10*i - 4. Let s be ((-7 - 4) + 5)*(-6)/(-4). What is f(s)?
-13
Let x(o) be the third derivative of -o**4/24 + 5*o**3/6 - 85*o**2. What is x(-6)?
11
Let p(j) = 4*j + 8. Let o(c) = 2*c**3 - 46*c**2 - 2*c + 38. Let m be o(23). Determine p(m).
-24
Let l be (16/20)/(-5 - (-153)/30). Let i(y) = -y**2 + 6*y + 6. What is i(l)?
-10
Let i(x) = -x**2 + 14*x + 6. Let k(a) = -a**2 + 13*a + 5. Let r(o) = -4*i(o) + 5*k(o). Determine r(8).
9
Let v(b) = b**3 - 4*b**2 - 3*b + 7. Let l(p) = p**2 + 19*p + 5. Let n be l(-19). Give v(n).
17
Suppose c + 8 = 2*c. Let o(l) = l**2 - 5*l - 5. Give o(c).
19
Let f(j) = j**2 - 12. Suppose 55 = -539*a + 528*a. Determine f(a).
13
Suppose 42 = 2*b + 34, -4*u + 5*b = 44. Let g(s) = 11*s**2 + 9*s - 15. Let h(y) = -5*y**2 - 5*y + 7. Let l(v) = 3*g(v) + 7*h(v). What is l(u)?
-20
Let j(z) = z + 2. Suppose -2*w - 84 = -8*w. Let p = -12 + w. Let k be p/(-1) + 0 + 0. Determine j(k).
0
Let g = 466 + -462. Let m(h) = -h**2 + 2*h + 7. Give m(g).
-1
Let d be 4828/(-221) - -22 - (-438)/26. Let w(o) = o + 7. Determine w(d).
24
Let v(w) = w**2 + 3*w + 3. Let o = -57 + 41. Let z = 14 + o. Give v(z).
1
Let w(s) = -s**2 + s - 3. Let o be w(0). Let u(v) be the first derivative of -v**5/40 + 5*v**3/3 + 7. Let b(k) be the third derivative of u(k). What is b(o)?
9
Let s(n) = 2*n**2 + 7*n + 5. Let h(y) = 2*y - 3 + 2*y**3 - 5*y**3 + 0*y**3. Let u be h(1). What is s(u)?
9
Let h(r) = r**3 + 4*r**2 - 7*r + 8. Let j(d) = 26*d + 20. Let t be j(-1). Calculate h(t).
-22
Let f(r) = -r**2 - 5*r - 8. Suppose 0 = 4*a - 12, -k - 10*a + 6*a = 17. Suppose p = -2*d - 3*p + 26, 0 = -2*p - 10. Let w = d + k. What is f(w)?
-14
Let p(c) be the first derivative of -1/3*c**3 - 14 + 2*c**2 - 3*c. What is p(7)?
-24
Suppose 3*m = -24 + 6. Let g(n) be the first derivative of n**2/2 + n - 11. What is g(m)?
-5
Let r be ((-48)/(-10))/(((-40)/25)/8). Let q = r - -30. Let n(j) = j - 5. Give n(q).
1
Let q(r) be the first derivative of 0*r + 1/2*r**2 + 12 + 0*r**3 - 5/2*r**4. Let l(n) = n**3 - 4*n**2 + 1. Let b be l(4). Give q(b).
-9
Let n be 48/(-36) + 98/6. Let o be (-12)/5*50/n. Let t(v) = v**2 + 8*v + 1. Calculate t(o).
1
Let m(n) = -26*n + 2. Let o(j) = -32*j + 3. Let f(a) = 4*m(a) - 3*o(a). Give f(-3).
23
Suppose 47 = 5*q - y, q - 1 = y + 6. Suppose -2*l + q - 4 = 0. Suppose -10 = -l*h + h. Let j(u) = u**2 - 6*u + 1. Determine j(h).
-4
Suppose 58*o + 2*o = -540. Let k(u) = 4*u + 14. Give k(o).
-22
Suppose -11 + 5 = -3*o. Let f(n) = n**2 - 5*n + 1 - 9 + 4 - o*n. Suppose 2*m - 42 = -30. Calculate f(m).
-10
Let s be (48/(-40))/(6/(-15)). Let y be ((-16)/4 - -3) + s. Suppose 0*c + y*c = -12. Let x(r) = 3*r + 7. Determine x(c).
-11
Let y(v) = -v**2 - 2*v - 1. Suppose 0 = -8*d + 3*d